794/19 - (-14)/(-665)*-5. Suppose v + 1024 = 6*s. What are the prime factors of s?
2, 659
Let m = 5838 + -2572. What are the prime factors of m?
2, 23, 71
Let m = -227 + 229. List the prime factors of (m*199)/(8/12).
3, 199
Let y = 93 - 75. Suppose -t = 3*g - 3*t - y, t = 2*g - 11. Suppose -g*q - 5*u + 432 = 0, 3*q - 4*u + 0*u - 355 = 0. List the prime factors of q.
113
Suppose -209*n = -9*i - 214*n + 296970, -2*n - 165012 = -5*i. List the prime factors of i.
2, 3, 5, 11
Let w(s) = s**3 + 11*s**2 + 8*s - 12. Let d be w(-10). Suppose 63 = d*z - z. Suppose -q + 60 + z = 0. List the prime factors of q.
3, 23
Let d(k) = 2255*k**2 - 177*k + 1115. List the prime factors of d(6).
81233
Let h be 24/10 - (-30)/50. Suppose 5*i = -27 - h. What are the prime factors of i/(-8) + (-1425)/(-20)?
2, 3
Suppose 0 = 4*t + d - 7617, -d - d = -t + 1893. Let a = t - 871. What are the prime factors of a?
2, 3, 43
Let f(x) = -5*x**3 + 4*x**2 + 6*x - 9. Let o be f(-7). Suppose 52*a - 48*a - o = 0. What are the prime factors of a?
3, 5, 31
Let r be 16262/47 - (2 - 3 - 0). Let n = r - 254. List the prime factors of n.
3, 31
Let r(w) = 19*w**3 - 19*w**2 + 24*w - 165. What are the prime factors of r(11)?
11, 2099
Let k be (-24)/32 + -1*273/(-12). What are the prime factors of (253/k - 14)*1812/(-10)?
3, 151
Let f(d) be the first derivative of d**4/12 - 7*d**3/6 + d**2 + 10*d + 24. Let g(u) be the first derivative of f(u). List the prime factors of g(15).
2, 61
Let a be (-62)/217 - ((-4)/7)/2. Suppose -t = -a*i - 5*i - 190, -3*i = -2*t + 380. List the prime factors of t.
2, 5, 19
Let x = 11676 - 6580. List the prime factors of x.
2, 7, 13
Suppose 0 = 4*t - 12, 0*b = -5*b - 3*t - 6. List the prime factors of (1 - (-5)/b) + (-160)/(-15).
2, 5
Let p(d) = -98*d**3. Let j be p(1). Suppose -120*m + 909 = -123*m. Let v = j - m. What are the prime factors of v?
5, 41
Let i = -38926 + 89618. List the prime factors of i.
2, 19, 23, 29
Suppose -3*n - 8*d + 6*d = -296, -2*d = -n + 104. Let w = -3 + 1. List the prime factors of n/15*(w + 5).
2, 5
Let m(v) = v**2 + v. Let n(k) = -3*k**2 - 10*k + 67. Let l(h) = m(h) - n(h). What are the prime factors of l(13)?
2, 47
Suppose 0 = -4*f - 79 + 91. List the prime factors of 1/(2/(985 - f)).
491
Let s be (-28 - -2670) + (0 - -4). Suppose -v = -4*f + 5292, -f = f - 3*v - s. Suppose -5*q + 5*d - 3*d + f = 0, -3*d - 12 = 0. What are the prime factors of q?
263
Suppose 5*m - 2*u - 21 = 4*m, 0 = -5*m + 5*u + 95. Let b = 680 + -463. Let g = b - m. What are the prime factors of g?
2, 5
Suppose -5*o = 11*o - 5*o. What are the prime factors of (-1 + o)*(-153 + -18)?
3, 19
Let s = 17046 + -9997. What are the prime factors of s?
7, 19, 53
Let u(z) = 392 - 44*z - 168 - 133. What are the prime factors of u(-7)?
3, 7, 19
What are the prime factors of ((-135)/(-30))/(6/8324)?
3, 2081
Suppose 5*w = -3*l + 382, 11*l + 5*w = 7*l + 506. Suppose 2*u = 5*a + 58, 2*a = -0*u + 5*u - l. What are the prime factors of u?
2, 3
Suppose -4086*l + 4085*l - 3*x + 80586 = 0, 0 = 4*x + 12. List the prime factors of l.
3, 5, 199
Suppose 52*j - 6307 - 3833 = 0. What are the prime factors of j*16/(-5)*(-9)/12?
2, 3, 13
Let h(w) be the first derivative of -w**4/4 + 3*w**3 + 4*w**2 - 15*w + 393. Let c be (2/3)/((-6)/(-45)). List the prime factors of h(c).
5
Let t(o) = -9*o**2 - 115*o + 5. List the prime factors of t(-7).
3, 41
Let l(p) = 923*p - 6899. List the prime factors of l(57).
2, 2857
Let j(a) = a**2 - 13*a - 7. Let f(z) = z**2 + 21*z + 46. Let x be f(-19). Let c be x/(-6)*(-42)/4. What are the prime factors of j(c)?
7
What are the prime factors of -2*((-770)/20)/11 - (-43794 + -2)?
3, 31, 157
List the prime factors of -1 + 7 + 4/74 + (-2463522)/(-222).
3, 3701
Suppose -2*m = 27 - 31. Let g = m - -160. What are the prime factors of g?
2, 3
Suppose -264 = 9*z - 309. Suppose -4*c + 1680 = -4*g, -36 + 869 = 2*c + z*g. List the prime factors of c.
419
Let k(x) = -x**3 - 11*x**2 - x. Let f be k(-11). Suppose f*r - 7*r - 256 = 0. Suppose 579 = 67*s - r*s. List the prime factors of s.
193
Let k(x) be the third derivative of x**5/60 + x**4/4 - 2*x**2. Let g be (-3 - -2)/(-8*8/(-768)). List the prime factors of k(g).
2, 3
Suppose -3*v = b - 8 - 14, 5*v - 5*b - 70 = 0. Suppose 5*j - 40 = -d - 6, j = 2*d + v. List the prime factors of j.
7
Suppose 5*k - w - 112 = 0, -4*k - w - 11 = -106. Let r = 89 + k. Suppose g - 2*t = -0*t + r, -t = 4*g - 421. What are the prime factors of g?
2, 53
Let j be ((-522)/203)/(2/84*1). What are the prime factors of -2 + j*(-60)/18?
2, 179
Let w be (-1)/(-5) - (27/(-15) + 0). Let r be -5*(w + -3)*-3. What are the prime factors of (-7)/5*r/6*4?
2, 7
Let g(p) = p**3 + 11*p**2 + 11*p + 15. Let v be g(-10). Suppose 3 + 0 = -3*w + 3*t, 0 = 3*t - 15. Suppose -w*h = -v*h + 22. What are the prime factors of h?
2, 11
Suppose -2*r - 5*i = -2*i - 6, 0 = -5*r + 5*i + 15. Suppose 1339 - 376 = r*j + 2*s, 2*j - 655 = 3*s. List the prime factors of j.
17, 19
Suppose -3*k - 20 = -4*x, x = -2*k - 11 + 5. Let l be (-22)/(-10) - x/10. List the prime factors of (l - 84/20 - -1)*-5.
2, 3
Let t be (4/10)/(29/(-10) - -3). Suppose -633 = t*q + 387. Let s = 358 + q. What are the prime factors of s?
103
Let v = 7538 + 1376. What are the prime factors of v?
2, 4457
Let s be 530*((-8)/(-18) + 112/315). Let l be -212 - (-2 + 3)*-1. Let m = s + l. List the prime factors of m.
3, 71
Suppose 109 = -5*m - 171. Let r be (14/m)/(2/(-24)). Suppose -73 = -r*q - 4*j + 21, -12 = -3*j. List the prime factors of q.
2, 13
Let w(k) = 13*k**2 - 32*k + 222. List the prime factors of w(22).
2, 5, 7, 83
Let g = 6014 + 2148. What are the prime factors of g?
2, 7, 11, 53
Suppose 15 = 2*c - 3*o, -3 = 2*c + c + 4*o. Suppose c*k = 3*a - 1950, 7*k - 2*k = 5. List the prime factors of a.
3, 7, 31
Suppose 5*h - 72929 = -2*m, 28*m - 27*m = -4*h + 36466. What are the prime factors of m?
2, 3, 59, 103
Let x = 9 - 5. Suppose x*g = -14 + 34. Suppose g*v = 377 + 263. What are the prime factors of v?
2
Let r = -181 + 167. Let t = 401 + r. List the prime factors of t.
3, 43
Suppose 6*o + 6 = 18. Suppose 3*p - 2285 + o = 0. List the prime factors of p.
761
Suppose 0 = 2*k - 836 - 2690. Suppose -467 = 3*j - k. Suppose z = 3*r - j, 296 = 2*r - z + 3*z. What are the prime factors of r?
5, 29
Let z(n) = 3*n**3 - 9*n**2 - 8*n - 55. What are the prime factors of z(8)?
29
Let t = -3013 - -5453. List the prime factors of t.
2, 5, 61
Let y(a) be the second derivative of -a**4/12 - 59*a**3/6 - 7*a**2 - a - 22. List the prime factors of y(-13).
2, 73
Let w be (-1)/(-5*3/(-1725)). Let i be (0 + -4)/(46/w). What are the prime factors of 445/i*(-2 - -4)?
89
Let k = 17130 - 8898. List the prime factors of k.
2, 3, 7
List the prime factors of (-76865)/(-7) - (6/(-8) - (-208)/448).
79, 139
Let a be -4*(-1047)/2*80/240. Let y = a + -547. List the prime factors of y.
151
Let i(g) = 4486*g**2 + 127*g - 594. What are the prime factors of i(4)?
2, 5, 67, 107
Let y = 15935 - 7880. What are the prime factors of y?
3, 5, 179
What are the prime factors of -8 - ((-11900680)/(-22))/(-20)?
3, 9013
Let n(q) = 6*q + 156. Let l be n(-16). List the prime factors of 100416/l + ((-6)/10)/1.
7, 239
Let u = 67 + -20. Suppose -3*c + 70 + u = 0. What are the prime factors of (-10)/65 - (-279)/c?
7
Let y be (-4 + 5308/(-12))/((-2)/6). Suppose 20 = 4*m, 4*l - 4*m - y = -3*m. List the prime factors of l.
2, 3, 7
Let q(f) be the third derivative of f**6/120 + f**5/30 - f**4/12 - 4*f**3/3 + 12*f**2. Let o be q(4). Suppose -4*b + 3*b = -o. List the prime factors of b.
2, 5
Let p = -12268 + 20822. What are the prime factors of p?
2, 7, 13, 47
Let p(m) = 2*m**2 - 7. Let v be p(0). Let r = v - -6. Let x(z) = 228*z**2. What are the prime factors of x(r)?
2, 3, 19
Suppose 33*f + 41*f = 1307346 - 266166. List the prime factors of f.
2, 3, 5, 7, 67
Let i(o) = 5*o**3 + 2*o - 1. Let r be i(1). Suppose -4*p - 3*k = 141, -58 = 8*p - 6*p + 4*k. List the prime factors of r/(-3)*p - (-4)/(-2).
2, 19
Suppose 4*k - 1828 = 4912. Suppose r - 1356 = -3*b + k, -b + 1007 = 2*r. What are the prime factors of b?
5, 7, 29
Let z(u) = -u**3 - 2*u**2 - 2*u - 4. Let s be z(-2). Suppose 1034 = 3*y - 2*o - s*o, 5*y + o - 1745 = 0. What are the prime factors of y?
2, 3, 29
Suppose -6*k - 